 What is the greatest common divisor of 247 and z?
19
Let k = -68 + 69. Let r = 10 - 1. What is the highest common factor of r and k?
1
Suppose -7*i + 78 = 6*i. Suppose -g + 15 = 3*k, 2*g + i = 4*g. What is the greatest common divisor of k and 16?
4
Let r = -17 + 39. Let a(b) = -b**2 - 9*b - 5. Let g be a(-8). Suppose g*u = r + 2. What is the highest common factor of 88 and u?
8
Let p(h) = -h**2 - 16*h + 48. Let f be p(-14). What is the highest common divisor of f and 266?
38
Let f(t) = 7*t**2 + 10*t - 5. Let j be f(-9). Suppose 2015*g = 2024*g - 531. Calculate the greatest common factor of j and g.
59
Suppose 0 = -0*o + 3*o - 18. Let b = o + -7. Let r be (256 - 1) + -1 + b. Calculate the highest common factor of 23 and r.
23
Let q(o) = 4*o**3 - 13*o**2 + 8*o + 139. Let r be q(6). What is the highest common divisor of r and 44?
11
Suppose 2*d = 8, -4*d - 3 = -s + 14. Let o(b) be the second derivative of 11*b**3/6 - 3*b. Let a be o(1). What is the highest common factor of a and s?
11
Let r = 10 - -214. Let i = r + -215. Let p(s) = 2*s**3 - 2*s**2 - 2*s - 3. Let g be p(3). What is the highest common divisor of g and i?
9
Let a = 144 + -130. Let y = 15 + -8. What is the greatest common divisor of a and y?
7
Let j = 5 + -2. Suppose -j*h + 2*h = 4. Let m = h - -9. Calculate the greatest common divisor of 2 and m.
1
Let s(h) be the second derivative of h**5/10 - 5*h**4/12 + h**3/6 + h**2 - 3*h. Let q be s(5). Calculate the greatest common factor of q and 12.
12
Let m = -4 - -8. Suppose -3*o = -5*k + 9, -6 = -m*o - 5*k + 17. Suppose -72 = -2*b - o*b. What is the greatest common factor of b and 72?
18
Suppose -5*c + 6*c - 8 = 0. Suppose 0*u + c = 4*u. Suppose -u*p = y - 110 + 5, 5*p = -5*y + 265. Calculate the highest common divisor of p and 13.
13
Let x = -23 + 55. Let j = x + -28. Calculate the highest common divisor of j and 36.
4
Let o(f) = f**3 + 6*f**2 + 4*f + 1. Let q be o(-5). Suppose -5*l = -q*l + 1. Calculate the highest common factor of 4 and l.
1
Let m be 3/15 - 3/15. Suppose 0*t - t + 110 = m. Suppose 3*y = 394 + t. What is the greatest common factor of y and 24?
24
Suppose -560 = -5*v - 5*w, 0 = -v + 3*w + 33 + 63. Calculate the greatest common factor of 12 and v.
12
Let r(b) = -b + 32. Let y be r(-32). Calculate the greatest common divisor of y and 4.
4
Let i be 1/(105/(-36) - -3). What is the highest common factor of i and 196?
4
Let s be -1 + (-10)/(-14) - (-357)/49. Let g = 29 + s. What is the highest common factor of g and 6?
6
Let z = -684 + 726. Calculate the greatest common factor of 392 and z.
14
Let o be (-3250)/(-78) + (2 - (-4)/(-6)). What is the highest common factor of 172 and o?
43
Let a be (300/(-16))/(3/(-8)). Calculate the greatest common divisor of 150 and a.
50
Suppose -7*v - 33 = -152. Calculate the greatest common factor of 476 and v.
17
Suppose -45 = -a - 4*a. Suppose -2*r - c = -a + 3, -r - 3*c = 2. Suppose 4*l = l - 6, -4*l = -r*k + 80. Calculate the highest common divisor of 198 and k.
18
Let l be (-2 + 0)*-4*1. Let n be ((-45)/(-20) - 3) + 1670/l. Calculate the highest common factor of n and 26.
26
Suppose 5*d - 97 = i, 2*d - 38*i - 46 = -40*i. Let k be ((-1)/3)/(6/(-1098)). Let b = k - 31. Calculate the greatest common factor of b and d.
10
Let a be (-1)/2 - (-30)/(-20). Let n be 1/(-1)*282/a. Suppose -3*m = 2*v - n, -m - 123 = -4*m + 4*v. What is the highest common factor of 15 and m?
15
Let h be ((-7)/4 - -1) + (-756)/144. Let t(q) = q**3 + 6*q**2 - 5*q - 2. Let r be t(h). What is the highest common factor of r and 4?
4
Suppose -s + 4*u = -74, 5*u - 254 = -2*s - 2*s. Calculate the greatest common factor of s and 759.
33
Let o be -5 + 89 + 5 + -1. Calculate the highest common divisor of o and 968.
88
Suppose -2*z + 2*x = 0, 2*x = -2*x - 16. Let h be 2 - 1*(z - -451). Let v = -173 - h. Calculate the highest common divisor of v and 34.
34
Let b be (-3)/(-2) - (-1302)/12. Let c be 96/(-20)*b/4. Let i be (c/8)/((-4)/8). Calculate the highest common divisor of i and 3.
3
Let p(o) = -9 - 19*o - o**2 - 26*o - 28*o + 59*o. Let b be p(-11). What is the greatest common divisor of b and 32?
8
Suppose -2*c - 5*a + 378 = 0, -3*c = 12*a - 10*a - 567. What is the highest common divisor of c and 126?
63
Suppose 43 = 4*r - 3*r - g, -3*r + 141 = 3*g. Suppose -3*y = -v - 26, -2*y - 5*v + 20 = -3*v. Let z = 6 + y. Calculate the highest common factor of z and r.
15
Suppose -345 - 240 = -13*c. Calculate the greatest common divisor of 120 and c.
15
Let g be 36/(-8)*2/(-3). Suppose g*h = 2*l + 21, -24 = -4*h - l + 5*l. What is the highest common divisor of h and 27?
9
Let i = -61 - -107. Suppose 3*j - b = 67, 3*j = j + 2*b + i. Calculate the greatest common divisor of j and 22.
22
Let w = -42 - -62. Let a be (-1)/3 + 1082/6. Calculate the highest common divisor of a and w.
20
Let w be (-3 + 5)/(8/480). Let h = -27 - -45. Let g = 6 + h. What is the highest common factor of w and g?
24
Let s = -355 + 615. What is the highest common divisor of 5 and s?
5
Let l = 30 + 289. Suppose 1096 + 267 = 47*p. What is the highest common divisor of p and l?
29
Let i = 60 - 4. Calculate the highest common factor of 28 and i.
28
Suppose -5 - 1 = -b. Let z be (-1 - b/(-4))*-60. Let g = 55 + z. What is the greatest common divisor of 5 and g?
5
Let m be (72/30)/(9/30)*1. Let f be (3 - 0) + (-1 - -3). Suppose f*l = -0*l + 10. Calculate the highest common factor of m and l.
2
Let m = 121 + -72. Let b = 53 - m. What is the greatest common factor of b and 32?
4
Let g(z) = z**2 - 8*z + 4. Let n be g(7). Let y be (-122)/(-2) - (3 + n). Let h be 3/6*(y + -1). What is the highest common divisor of h and 12?
6
Suppose 32*l - 35*l + 54 = 0. Calculate the highest common divisor of l and 2.
2
Let h be (-2 - -31) + -1 + -1. Suppose 32*d - 24*d = 40. Suppose 263 = 4*j + p - h, d*j - 362 = -p. What is the greatest common divisor of 8 and j?
8
Suppose 2*m = k - 165 + 43, -5*m = 3*k - 388. What is the highest common divisor of k and 140?
14
Let p = -162 + 174. Calculate the greatest common divisor of 876 and p.
12
Suppose 4*w - 42 = -2*l, -l + 4*w - 10 = -1. Let v(a) = -2*a + 165. Let y be v(55). What is the greatest common factor of y and l?
11
Let k = 39 - 27. Suppose 5*r = -k + 2. Let x be (18/(-4) + 2)*r. Calculate the highest common divisor of 2 and x.
1
Suppose -117760 = -61*o - 31628. Calculate the greatest common divisor of o and 4.
4
Let z be 8/(80/30) - (-376 - 1). Calculate the greatest common divisor of 228 and z.
76
Let u(h) = -h**2 + 4*h - 1. Let p be u(5). Let o be (1 + -9)/(-1 + 3). Let b be p/24 + (-81)/o. What is the greatest common divisor of b and 4?
4
Let r be (-3)/(3/(-1))*0 + 49. What is the greatest common factor of r and 1568?
49
Let t = 5123 - 2900. Calculate the greatest common divisor of 117 and t.
117
Suppose 7*b = 38*b - 45012. What is the highest common divisor of 24 and b?
12
Suppose -2*b + 3*b - 3 = 0. Suppose -2*y + 5*w - 15 = 0, 0 = 4*y + 2*w + b*w - 45. Suppose y*i = 118 + 422. What is the highest common divisor of i and 12?
12
Suppose -11 = -2*o - 5. Suppose o*z - 761 = q, 3*z + 504 = 5*z + q. Let h = -141 + z. What is the highest common divisor of h and 14?
14
Let r(g) = -g**3 - 13*g**2 - 5*g + 11. Let j be r(-12). Let k = j - -110. What is the highest common factor of 37 and k?
37
Let g be (-4)/(-14) + 486/14. Let j be 1/(((-1)/(-12))/(30/18)). Suppose -12*q + j = -8*q. Calculate the highest common factor of q and g.
5
Let r = -131 - -206. Suppose -2*s + r = -3*p, 3*s - p = s + 73. Calculate the greatest common factor of s and 4.
4
Suppose -p + 88 = -2*y - y, -p - 5*y = -88. Let m(q) be the first derivative of q**2 - 6*q - 1. Let a be m(7). What is the greatest common factor of a and p?
8
Let c be 136/(-12)*(7 - 13). Calculate the greatest common divisor of 51 and c.
17
Let b be (2 - 1) + 10 - 1. Suppose 21*f = 23*f - b. What is the greatest common divisor of 15 and f?
5
Let s = 253 + -185. Calculate the highest common factor of 4 and s.
4
Let q be (-441)/(-84)*(-8)/(-7). Let x be (-81)/(-15) + 2/(-5). Suppose -3 = v, 8 = d - x*v - 13. Calculate the greatest common divisor of d and q.
6
Let x be (-11 - -11) + 3*10/15. Calculate the highest common divisor of x and 5.
1
Suppose -3*y + 4*a + 135 = 0, 0 = -2*y + 121*a - 118*a + 90